, 5*f + 3*m + 339 = 6*f. What is the tens digit of f?
3
Suppose 3*m + 3 = 0, -4*a + 2*a = -m - 365. What is the tens digit of a?
8
Let v be 6/(-15) - 96/(-15). Let j(h) = 3 - v + 2 + 4*h. What is the units digit of j(2)?
7
Let v(c) = 2*c**3 - 3*c**2 - 6*c + 6. What is the units digit of v(3)?
5
Suppose 165 = 15*r - 10*r. What is the tens digit of r?
3
What is the tens digit of 24 + -1 + 2 + -3?
2
Let g(b) = -b**2 + 12*b + 27. Let y be g(15). Suppose -7 = 5*j + 3. What is the units digit of y/j*(0 - -1)?
9
Let r = 104 - -41. What is the tens digit of r?
4
Suppose 3*g - 3*n = 147, 3*g - 168 = -0*g - 4*n. What is the tens digit of g?
5
Suppose 4*f - 29 = p + 163, 3*f - 145 = p. What is the units digit of f?
7
Let u(x) = x**3 + 10*x**2 - 11*x - 10. Let i be u(-11). Let h = i + 26. What is the tens digit of h?
1
Let i be 120/((-2)/((-8)/6)). Let y = i - 41. What is the tens digit of y?
3
Let n(m) = -m**3 - 3*m**2 + 13*m - 18. What is the hundreds digit of n(-8)?
1
Suppose 14 = -g + 40. What is the tens digit of g?
2
Let x(m) be the third derivative of -m**4/24 - 7*m**3/6 - m**2. Let i be x(-10). Suppose 0 = 4*f + n - 12, 9 = i*f - 0*n - n. What is the units digit of f?
3
Let j(d) = -2*d - 7. Let c be j(-6). Suppose -c*w + 109 = -36. Let n = w - 19. What is the units digit of n?
0
Let t = -79 + 136. What is the units digit of t?
7
Let i(p) be the second derivative of -p**4/12 + 3*p**3/2 + 13*p**2/2 - 4*p. What is the units digit of i(10)?
3
Suppose 3*r = 2*c + 1, 5*c - 4*r = 2*c - 1. Let y be 0 + 2/3*15. What is the units digit of (y/2 + 0)/c?
5
Suppose -i + 24 = -2*i. Let w = i - -41. What is the tens digit of w?
1
Let g(x) be the second derivative of 3*x + 0 - 1/3*x**3 + 1/2*x**2. What is the units digit of g(-2)?
5
Suppose -5 = 5*z, 2*z - 894 = -2*k - 2*k. What is the tens digit of k?
2
Suppose s + 42 - 121 = -2*f, -230 = -5*f + 4*s. What is the units digit of f?
2
Suppose 3*m + 2*v - 4 = 0, -m + 6 = -0*m + 3*v. Let b(y) = -y**2 - y + 3. Let u be b(m). Suppose d - 3*d - t = -19, -u*t - 15 = 0. What is the tens digit of d?
1
Suppose n + 10 = -4*v, 3*v + 2*n - 3*n + 11 = 0. What is the tens digit of 1558/57*v/(-2)?
4
Let o = 1 + 0. Suppose 0*j - 9*j = -27. Let k = j - o. What is the units digit of k?
2
Suppose 20*o - 15*o - 40 = 0. Suppose -5*r + o + 132 = b, r - 34 = b. What is the tens digit of r?
2
Let y = 2 - -4. Let q = -2 + y. Suppose 2*c - 3*j = 29, 59 = 4*c - q*j + 11. What is the units digit of c?
7
Let y be (-3)/15 - (-258)/(-10). Let q = y + 43. What is the units digit of q?
7
Suppose p + 33 = 3*c, -7 = -c - 2. What is the units digit of 4/p - (-202)/18?
1
Let t = 22 - 12. Let n = t + -7. What is the units digit of n?
3
Let j be 15/(-25) - 83/(-5). Let l = j + -8. What is the units digit of l?
8
Suppose -3*s + 20 = s. Suppose -20 = -5*l - s. What is the units digit of (-8)/12*l/(-2)?
1
Let s = 75 + -29. What is the tens digit of s?
4
Let k(i) = -7*i + 1. Suppose 7 = -4*s - 13. Let x be k(s). Let c = x + -24. What is the units digit of c?
2
Suppose 4*i - 2*s = 3*s + 28, -2*i - 4 = 2*s. Suppose 2 = i*r - 2. Suppose 3*q = 2*p - 19, 6*q + 26 = 3*p + r*q. What is the units digit of p?
2
Suppose -c = -0*v + 2*v - 43, -3*v - 5*c = -47. Suppose 0*z + 2*z = v. What is the units digit of z?
2
Suppose 3*f = -9, -5*f - 24 = -3*k - 3. Suppose k*l + l = 0. Suppose -3*u + u + 12 = l. What is the units digit of u?
6
Let y(a) = 10*a**2 + 4. What is the tens digit of y(2)?
4
Let l be 11/33 + 82/6. What is the units digit of (-312)/(-14) - 4/l?
2
Let b(j) = j**2 + 4. Suppose -5 - 7 = 4*v. What is the units digit of b(v)?
3
Let v = -166 + 365. What is the units digit of v?
9
Suppose -4*k = -2*o + 3*o - 175, -722 = -4*o - 5*k. Suppose -p - 2*w + 51 = 2*w, -5*p = -4*w - o. What is the tens digit of p?
3
Let z(t) = t - 3. Let h be z(6). Let r = 1 + h. Let f(c) = -c**3 + 3*c**2 + 4*c + 5. What is the units digit of f(r)?
5
Let h(j) = -j**3 + 3*j + 5. Let p be h(5). Let m be p/(-28) - 1/(-4). Suppose -m*r = -4, -3*c + 11 = 4*r - 2*r. What is the units digit of c?
3
Suppose 3*l = -15, 2*f - 7*f + l + 70 = 0. What is the units digit of f?
3
Let k(m) = m**2 - 5*m + 16. What is the tens digit of k(11)?
8
Let h(o) = o**3 - 11*o**2 + 12*o - 14. Let c be h(10). Let v(p) = 4*p - 4. What is the units digit of v(c)?
0
Let t be 4/(0 - 2/(-13)). Let h = t + -36. What is the units digit of (12/h)/((-1)/10)?
2
Let p = -45 + 114. What is the units digit of p?
9
Let l(r) = -5*r**3 - 1. Let y be l(-1). What is the tens digit of (-2)/(-4) - (-54)/y?
1
Suppose y = 3*v, -2*v = -2*y + 1 + 3. Let t(w) = -w**3 + 2*w**2 + 2*w + 4. What is the units digit of t(y)?
1
Suppose f - 2*h - 203 = 0, -5*f - 2*h + 1036 = -5*h. What is the hundreds digit of f?
2
Suppose s = -3*r - 8, 2*s - 3*r + 2*r = -2. Let g = 1 + s. What is the units digit of (-3)/((-14)/8 - g)?
4
Let u(h) = h**2 + 2. Suppose r = 5*w + 23, 0*r - 2*w = -5*r. What is the units digit of u(r)?
6
Let t(o) be the second derivative of o**3/3 - 6*o**2 - 5*o. Suppose 0*d = 4*d - 32. What is the units digit of t(d)?
4
What is the tens digit of 3 + (53 + -2 - -3)?
5
Suppose 0 = -15*q + 674 + 1066. What is the tens digit of q?
1
Let s(j) = -j + 3. Let c be s(0). What is the units digit of 0 + (c - 6) + 24?
1
Suppose 5*g - 335 = 590. Suppose 0 = 6*t - t - g. What is the units digit of t?
7
Let x be ((-5)/(-2))/(1/(-12)). Let b = -15 - x. What is the units digit of (-2)/(-5) + 54/b?
4
Let s(f) = f**2 + 6*f. Let u be s(-6). Suppose u = h - 11 + 7. What is the units digit of h?
4
Let r be 1*-13*(0 - 1). Let y = r - 4. What is the units digit of y?
9
Let j(u) = u**3 + 3*u**2 - u + 4. Let f be j(-3). What is the units digit of f/35 + 24/5?
5
Let f(k) = -k**2 - 5*k - 4. Let l be f(-3). Suppose 3*y = l*y + 6. What is the units digit of y?
6
Let v = 165 - 117. What is the units digit of v?
8
Suppose -4*g + 3*t + 540 = -628, -5*t + 315 = g. What is the tens digit of g?
9
Let f be (-12)/(-9)*(4 + -1). Suppose -9 = 2*k - 5*k. Let s = f - k. What is the units digit of s?
1
Let f(l) = -l**3 - 7*l**2 - 7*l - 9. Let w be f(-6). Let m = w - -4. Suppose 65 = 3*t - m. What is the units digit of t?
2
Suppose -d + 6 = 2*a, 4*a + 4*d - 2 = 10. Suppose 0 = -3*w + 4*u - 2, -w = u + 7 + a. Let y = 5 - w. What is the units digit of y?
1
Suppose -c + 2*c = 3*v + 32, 5*v = 3*c - 100. What is the tens digit of c?
3
What is the tens digit of (1 - 5 - (-6 + 3))*-45?
4
Suppose 0 = -r + 3*y + 28, 5*r - 80 = -y - 4*y. What is the tens digit of r?
1
Let n(v) = -v + 3. Let q be n(-4). Suppose q*w - 162 = 2*w - 3*t, -4*t + 16 = 0. What is the tens digit of w?
3
Suppose -y + t + 316 - 116 = 0, 5*y - 1008 = 3*t. What is the tens digit of y?
0
Suppose 281 = 4*f - 3*q, -2*q = -3*f - q + 212. What is the units digit of f?
1
Let v = 31 - 7. What is the tens digit of v?
2
Let n be (-4 + 38)*(1 + -2). Let u = 57 + n. What is the tens digit of u?
2
Suppose 5*s - 978 = 247. What is the hundreds digit of s?
2
Let q = -8 - 6. Let p be (10 + 4)*(-36)/q. Suppose 7*z - 4*z = p. What is the units digit of z?
2
Let t(d) = -29*d + 4. What is the units digit of t(-2)?
2
Suppose -4*u + 5*j + 21 = 0, 4*u - j = 2*j + 19. What is the units digit of (-3)/(-6) - (-2)/u?
1
Suppose 2*d - 3*n + 29 = 0, -d = -2*d + 2*n - 16. Let y be (-8)/(-3) - d/(-15). Let x = y + 6. What is the units digit of x?
8
Let s = 7 - 12. Let k = -4 - s. Let r = k + 2. What is the units digit of r?
3
Let t(v) be the second derivative of -v**5/20 + 2*v**4/3 - v**3/6 - 2*v**2 + v. Let p be t(8). What is the tens digit of (33/p)/(2/(-8))?
1
Let x = 62 - -16. What is the tens digit of x?
7
Suppose b - 19 = -2*l - 3*l, -65 = -5*b + 5*l. What is the units digit of b?
4
Let s(l) = -2*l**2 - 9*l + 15. Let f(v) = v**2 - 1. Let g(h) = -3*f(h) - s(h). Let c be g(8). What is the units digit of 2/(-8) + (-49)/c?
2
Suppose 8*z - 7*z = 11. What is the tens digit of z?
1
What is the units digit of (1 + 3 - -27)*11?
1
Suppose 2*r + 26 = 4*i, -2*i + 5*r = -8 - 9. Suppose -2*d - d = -i. What is the units digit of (4 - -1) + (2 - d)?
5
Let r(t) = t**3 + 7*t**2 + 7*t + 6. Let v be r(-6). Let n = 3 + v. Suppose -7 = -2*o - 2*o + n*d, 2*d + 3 = o. What is the units digit of o?
1
Let u(a) = 15*a + 1. Let j(b) = b**3 - 3*b**2 + 2*b + 1. Let y b